
5, 7
Suppose -q = -d - 50, 3*q + 0*d + d - 130 = 0. Let o be q + -1*(-2 + 1). What are the prime factors of 2/5 + o/10?
5
Suppose 0 = s - 3 - 0. Let u(r) = -2 - s*r - 5*r + r - r**2. What are the prime factors of u(-6)?
2
Let p = 39 + -6. What are the prime factors of p?
3, 11
What are the prime factors of (-3)/(-6)*588/2?
3, 7
Let d(g) = -g**3 - 5*g**2 + 3*g - 5. Let i be d(-6). Let y = 22 - i. List the prime factors of y.
3
Suppose 0 = -3*q + 4*v + 186 - 39, -2*q - 3*v + 81 = 0. List the prime factors of q.
3, 5
Let v be -4 + (-654)/30 - (-1)/(-5). Let i = 1 + 4. List the prime factors of (-1)/i - v/5.
5
List the prime factors of ((-12)/(-24))/(1/140).
2, 5, 7
Let t be (-10)/25 - 34/(-10). Suppose z + r - 10 = 0, r = 2 - t. What are the prime factors of z?
11
Suppose 0 = 2*v + 5*f + 30, 5*v + f + 151 = 53. Let p = v + 42. Let l = -12 + p. List the prime factors of l.
2, 5
Let u(r) = -r**3 + r**2 - r + 33. Let i be u(0). Let j = i - 18. What are the prime factors of j?
3, 5
Let r = -212 - -392. Suppose -5*a = -a - r. List the prime factors of a.
3, 5
Suppose 0 = -2*w + 5*g - 10, 5*w - 4*g = -8. Suppose w = -5*d + 41 + 4. List the prime factors of d.
3
Let b(q) be the third derivative of q**5/15 - q**4/24 + q**3/6 + 3*q**2. List the prime factors of b(2).
3, 5
Suppose 0 = -f - 2*r + 154, 0 = -5*f - 2*r + 149 + 613. List the prime factors of f.
2, 19
Suppose 0 = 4*n + 3*h, 0*h = 5*n - 2*h. Suppose -2*t + 42 = -n*t. List the prime factors of t.
3, 7
Suppose -4*s = -2*g - 3*g - 18, -5*g - 2 = 4*s. Suppose -12 = -5*r - 2*x, 0 = s*r + 3*r - 2*x - 28. Let u = r + -2. What are the prime factors of u?
2
Suppose -3*h + 264 = 4*w - h, 191 = 3*w + 5*h. What are the prime factors of w?
67
Let h(c) = 7*c + 3. List the prime factors of h(5).
2, 19
Suppose 5*x = -3*u + 11, 0*x - 4 = -4*x. Suppose 5*f - 43 = -2*y, -3*f - 25 = -y - u*f. What are the prime factors of y?
2, 3
Let n be (5/(-4))/((-1)/8). Suppose 4*d + d - 25 = 0. Suppose n = 5*x - d. List the prime factors of x.
3
What are the prime factors of (-46)/(-69) + 628/3?
2, 3, 5, 7
Let h(s) = -s**3 + 3*s**2 + 5. Let w be h(4). Let a = w - -50. Suppose -3*z + 2*y + 26 = 0, y = 5*z + 2*y - a. What are the prime factors of z?
2
Let w(c) = -c**3 - 8*c**2 + 14*c + 13. Let y be w(-10). Suppose -5*b + y - 13 = 0. List the prime factors of b.
2, 3
What are the prime factors of (4 - -244) + -3 + 1?
2, 3, 41
Let t(p) = -p - 1. Let z(x) = 2*x + 1. Let k(i) = 3*t(i) + 2*z(i). Let f be k(-1). Let y = 6 + f. List the prime factors of y.
2
Let c be (6/(-5))/(3/(-40)). Suppose -3*v = -7*v + c, 16 = 5*h + 4*v. Suppose 2*z - 22 + 4 = h. What are the prime factors of z?
3
Suppose -17 = o - 5*c, 4*o - 2*c = 3*o - 8. Let z(q) = -3*q + 1. List the prime factors of z(o).
7
What are the prime factors of (-290)/(-10)*(0 - -1)?
29
Let m = 597 + -410. What are the prime factors of m?
11, 17
Let c(b) = b**3 + 2*b + 31. What are the prime factors of c(0)?
31
Suppose -5*l + 121 - 21 = 0. What are the prime factors of l?
2, 5
Suppose -100 - 356 = -6*d. What are the prime factors of d?
2, 19
Let a = 21 + 4. What are the prime factors of (22/5)/(5/a)?
2, 11
Let g = -11 - -13. List the prime factors of g.
2
Suppose -4*x = 5*l - 1739 + 398, 5*x - 1698 = l. List the prime factors of x.
3, 113
Suppose 0 = 5*m - 2*j + j - 542, -3*m + 3*j + 330 = 0. List the prime factors of m.
2, 3
List the prime factors of -8*((-8)/10)/((-12)/(-60)).
2
Let l be (4/(-5))/(8/(-40)). Suppose -3*z - 3*q = -7*z + 183, 186 = l*z - 2*q. Let p = z + -30. What are the prime factors of p?
2, 3
Let t = 52 + -32. Suppose -i + t = i. What are the prime factors of i?
2, 5
Let f = 20 - 21. Let r(g) = 8*g**3 + 2*g**2 - 3. Let z(j) = -23*j**3 - 5*j**2 + 8. Let k(h) = 11*r(h) + 4*z(h). List the prime factors of k(f).
5
Let z be 8/(-6)*-6 + -2. Let r(p) be the second derivative of p**5/20 - 5*p**4/12 - 5*p**3/6 + 3*p**2/2 - 4*p. List the prime factors of r(z).
3
Let k(w) = 3*w**2 - 5*w - 7. Let u be k(6). What are the prime factors of u/4 + (-1)/(-4)?
2, 3
Let q(k) = k + 4. List the prime factors of q(5).
3
Suppose -4*q - 216 = -8*q. List the prime factors of q.
2, 3
Let r = 4 + 3. Suppose 0 = 3*a + 4*q + 56, 6 + 2 = -a - 4*q. What are the prime factors of r/((-14)/a) - 2?
2, 5
Suppose 3*p = p - 8, g - 3*p - 14 = 0. Suppose 6*w = g*f + w + 77, -5*w - 103 = 3*f. What are the prime factors of f/(-10)*(-20)/(-6)?
2, 3
Suppose 3*z - 12*z + 702 = 0. What are the prime factors of z?
2, 3, 13
Let u(z) = 17*z + 6. What are the prime factors of u(3)?
3, 19
Suppose 6*x = 3*x. Suppose x = 5*v - 2*v - 9, 0 = 5*q + 4*v - 112. List the prime factors of q.
2, 5
Let s(a) = a**2 - 4*a + 2. Let t be s(4). What are the prime factors of 20*((-26)/(-8) - t)?
5
Suppose -219 = -0*o - 3*o. What are the prime factors of o?
73
List the prime factors of 74*((-28)/(-8) - 1).
5, 37
Suppose 0 = -2*l + 63 + 7. Let o(i) = -i**3 + 8*i**2 - 10*i - 4. Let q be o(7). Let f = q + l. List the prime factors of f.
2, 5
Suppose 0 = d - 0 - 5, 2*d + 165 = 5*o. What are the prime factors of o?
5, 7
Let l(x) be the first derivative of 6*x + 3 + 7/2*x**2 + 2*x**3 + 1/4*x**4. List the prime factors of l(-4).
2, 5
Let s be -4*4/8 - -7. Let u = 19 - s. What are the prime factors of u?
2, 7
Let n(j) be the first derivative of -j**3/3 - 9*j**2/2 + 2*j - 1. List the prime factors of n(-7).
2
Suppose -l = -0*l - 3. Let m(k) = -k**3 + 8*k**2 - 7*k - 1. Let s be m(6). Suppose -l*u = -s - 13. What are the prime factors of u?
2, 7
Suppose -4*x + 3*n + 6 = 0, -5*x - n + 3*n = -11. Suppose 2*k - x*k - 11 = 0. List the prime factors of 106/22 - 2/k.
5
Suppose -2 + 22 = 5*p. Suppose u = 16 + p. List the prime factors of u.
2, 5
Let k = 70 + -48. Suppose 5*n + 16 + 49 = 0. Let l = k + n. What are the prime factors of l?
3
Suppose -5*b + 3*i = 20, 3*b - 4*b - 2*i - 17 = 0. Let h(s) = s**2 + 5*s + 3. What are the prime factors of h(b)?
17
Let x = 6 - 3. Let z be 11 + -1*x/3. Let o = z - -2. List the prime factors of o.
2, 3
Suppose -5*l - 2*z - 11 = -0*z, -5*l - 4*z - 7 = 0. Let v(n) = -n**3 - n**2 - 2. List the prime factors of v(l).
2
Suppose 4 + 1 = c. Let m(u) = u**3 - 5*u**2 + u - 2. Let w be m(c). Suppose w*t - 31 = -4*n, -2*n - 3*t + 11 = -0*n. List the prime factors of n.
2, 5
Let h(q) = 12*q + 1. List the prime factors of h(5).
61
Let q(h) = h + 15. Suppose -2*k = -7*k. Let a be q(k). Suppose 4*m - a = v, 1 + 14 = -5*v. What are the prime factors of m?
3
Suppose 5*g - y - 28 = 0, -5*g + 3*y = 7*y - 13. Let z be (-4)/g*10/(-4). What are the prime factors of (0 + z)/((-2)/(-5))?
5
Suppose 129 - 469 = -4*o. Suppose -29 = -3*w + o. What are the prime factors of w?
2, 19
Let a(l) be the third derivative of l**5/12 + l**4/8 - l**3/2 - 5*l**2. List the prime factors of a(2).
23
Suppose 0*d + 5*d - 145 = 0. What are the prime factors of d?
29
Suppose -q + 3 = 0, 678 = 3*g + 3*q - 42. List the prime factors of g.
3, 79
Let k be (21/35)/(1/65). Suppose -3*r + k = -42. List the prime factors of r.
3
Let f(l) be the third derivative of l**5/12 - l**4/12 - l**3/2 + 4*l**2. What are the prime factors of f(-2)?
3, 7
Suppose -6*p + 7 + 5 = 0. What are the prime factors of p?
2
Let t(w) = -w - 10. Let f be t(-7). What are the prime factors of 18 + (-1 + 1)/f?
2, 3
Let s = -1 + 4. Suppose 4*w - 45 + 279 = -5*k, -4*k - s*w - 187 = 0. List the prime factors of 4/(-14) - k/14.
3
Let l(b) = b**3 - 7*b**2 - 11*b - 3. Let s be l(8). List the prime factors of (-6)/(-27) - 48/s.
2
Let o be 48/22 + (-2)/11. Suppose o*f + 12 = 4*h, -f - 3*h + 35 = 4*f. Suppose -81 = -f*q - 5. List the prime factors of q.
19
Let t be (15/9 - 2)*15. What are the prime factors of ((-288)/(-15))/(-4)*t?
2, 3
List the prime factors of (-2)/9*-3 - (-732)/9.
2, 41
Suppose -4*t - 66 = m, -2*t + 3*m - 18 - 22 = 0. Let k = -4 - t. List the prime factors of k.
13
Let a(w) = w**3 + 7*w**2 + 5*w - 3. Let z be a(-6). Let i = z - -3. List the prime factors of i.
2, 3
Let q = 6 - 5. List the prime factors of 2/4*(21 - q).
2, 5
Suppose a = -0*c + c + 8, a + 3*c - 24 = 0. What are the prime factors of a?
2, 3
Let i(f) = -8*f - 10. Let y be i(-4). Suppose 4*l - y = -3*h + h, -2*l = -8. What are the prime factors of h?
3
Let l = -2 - -6. Suppose -5*d = 2*o - 28, 0 = -2*o - 3*d + 7*d - 